{"id":7,"date":"2025-01-21T11:50:08","date_gmt":"2025-01-21T11:50:08","guid":{"rendered":"https:\/\/arfox.com.ar\/abya\/?page_id=7"},"modified":"2025-01-22T20:48:06","modified_gmt":"2025-01-22T20:48:06","slug":"home","status":"publish","type":"page","link":"https:\/\/arfox.com.ar\/abya\/","title":{"rendered":"Home"},"content":{"rendered":"<div class=\"row\">\n<div class=\"span12\">\n<div class=\"how-we-can-help-wrap\">\n<h1><span style=\"font-size: 14pt; color:#333333\">ABYA YALA<\/span><\/h1>\n<figure class=\"thumbnail alignnone clearfix\">\n<div class=\"row-fluid\">\n<div class=\"clear\"><\/div>\n<p style=\"margin: 11px\"><span style=\"font-size: 13pt; color:#333333\"><img decoding=\"async\" class=\"alignleft\" src=\"https:\/\/arfox.com.ar\/abya\/wp-content\/uploads\/2025\/01\/logo002.jpg\">Sin la l\u00f3gica de la colonialidad, extendida en la globalizaci\u00f3n y el capitalismo internacional -y sus jerarqu\u00edas incrustadas-, la moda tal y como funciona actualmente ser\u00eda imposible. Es m\u00e1s. la moda contempor\u00e1nea es la articulaci\u00f3n cont\u00ednua de la colonialidad\/modernidad, as\u00ed como la cooptaci\u00f3n de la tierra, la episteme, la est\u00e9tica, las espiritualidades, las memorias, las subjetividades, las dignidades y las historias.<\/span><\/p>\n<p style=\"margin: 11px\"><span style=\"font-size: 13pt; color:#333333\">La <b>Coalici\u00f3n ABYA YALA<\/b> fue fundada por Miguel Angel Gardetti en junio de 2023 en el marco del Research Collective on Decoloniality and Fashion. Es un grupo de acad\u00e9micos, investigadores y personas latinoamericanas interesadas en posicionar la de-colonialidad en el sistema de moda para lograr una industria que se presenta m\u00e1s humana e integrada a la naturaleza.<\/span><\/p>\n<\/div>\n<\/figure>\n<\/div>\n<\/div>\n<\/div>\n","protected":false},"excerpt":{"rendered":"<p>ABYA YALA Sin la l\u00f3gica de la colonialidad, extendida en la globalizaci\u00f3n y el capitalismo internacional -y sus jerarqu\u00edas incrustadas-, la moda tal y como funciona actualmente ser\u00eda imposible. Es m\u00e1s. la moda contempor\u00e1nea es la articulaci\u00f3n cont\u00ednua de la colonialidad\/modernidad, as\u00ed como la cooptaci\u00f3n de la tierra, la episteme, la est\u00e9tica, las espiritualidades, las memorias, las subjetividades, las dignidades&nbsp;<a href=\"https:\/\/arfox.com.ar\/abya\/\" class=\"read-more\">Seguir leyendo<\/a><\/p>\n","protected":false},"author":2,"featured_media":0,"parent":0,"menu_order":0,"comment_status":"closed","ping_status":"closed","template":"page-home.php","meta":{"footnotes":""},"class_list":["post-7","page","type-page","status-publish","hentry"],"_links":{"self":[{"href":"https:\/\/arfox.com.ar\/abya\/wp-json\/wp\/v2\/pages\/7","targetHints":{"allow":["GET"]}}],"collection":[{"href":"https:\/\/arfox.com.ar\/abya\/wp-json\/wp\/v2\/pages"}],"about":[{"href":"https:\/\/arfox.com.ar\/abya\/wp-json\/wp\/v2\/types\/page"}],"author":[{"embeddable":true,"href":"https:\/\/arfox.com.ar\/abya\/wp-json\/wp\/v2\/users\/2"}],"replies":[{"embeddable":true,"href":"https:\/\/arfox.com.ar\/abya\/wp-json\/wp\/v2\/comments?post=7"}],"version-history":[{"count":7,"href":"https:\/\/arfox.com.ar\/abya\/wp-json\/wp\/v2\/pages\/7\/revisions"}],"predecessor-version":[{"id":101,"href":"https:\/\/arfox.com.ar\/abya\/wp-json\/wp\/v2\/pages\/7\/revisions\/101"}],"wp:attachment":[{"href":"https:\/\/arfox.com.ar\/abya\/wp-json\/wp\/v2\/media?parent=7"}],"curies":[{"name":"wp","href":"https:\/\/api.w.org\/{rel}","templated":true}]}}