{"id":26,"date":"2025-01-21T20:31:18","date_gmt":"2025-01-21T20:31:18","guid":{"rendered":"https:\/\/arfox.com.ar\/abya\/?page_id=26"},"modified":"2025-01-23T20:05:26","modified_gmt":"2025-01-23T20:05:26","slug":"el-colectivo","status":"publish","type":"page","link":"https:\/\/arfox.com.ar\/abya\/el-colectivo\/","title":{"rendered":"El Colectivo"},"content":{"rendered":"<div class=\"row\">\n<div class=\"span12\">\n<div class=\"how-we-can-help-wrap\">\n<figure class=\"thumbnail alignnone clearfix\">\n<div class=\"row-fluid\">\n<div class=\"clear\"><\/div>\n<p style=\"margin: 11px\"><span style=\"font-size: 13pt; color:#333333\">Fundado en 2012, el <a href=\"https:\/\/rcdfashion.com\/about\/\" target=\"_blank\"><b><span style=\"color:#008000\">Research Collective on Decoloniality and Fashion<\/span><\/b><\/a> (Colectivo de Investigaci\u00f3n sobre Decolonialidad y Moda) tiene la visi\u00f3n de trabajar por una pol\u00edtica de reparaci\u00f3n, una pol\u00edtica de restituci\u00f3n y reparaci\u00f3n est\u00e9tica y epist\u00e9mica, una pol\u00edtica de transici\u00f3n de una l\u00f3gica de representaci\u00f3n y propiedad, que son claves para que la moda contempor\u00e1nea pase a una l\u00f3gica de recepci\u00f3n y pertenencia y una pol\u00edtica de devolver un lugar en el presente, de acoger y situar lo que ha sido negado y borrado.<\/span><\/p>\n<p style=\"margin: 11px\"><span style=\"font-size: 13pt; color:#333333\">El objetivo es redefinir la moda como una multitud de posibilidades, descentralizar la creaci\u00f3n y el intercambio de conocimientos <b>a trav\u00e9s de una red global de coaliciones de moda soberanas pero conectadas, y engendrar solidaridad a trav\u00e9s de m\u00faltiples l\u00edneas de diferencia<\/b>. El objetivo se intenta lograr a partir de facilitar encuentros, conversaciones, presentaciones, asambleas y publicaciones que contribuyan a una pol\u00edtica de reparaci\u00f3n, una cr\u00edtica de la modernidad\/colonialidad, y apoyando la autorrepresentaci\u00f3n, la autodeterminaci\u00f3n y el autogobierno. El objetivo tambi\u00e9n es activar un movimiento transformador en favor de un paisaje mundial de la moda desde el punto de vista medioambiental y cultural, \u00e9tica y socialmente justa, y llegar a p\u00fablicos que no est\u00e1n necesariamente familiarizados con la opci\u00f3n decolonial en la moda.<\/span><\/p>\n<p style=\"margin: 11px\"><span style=\"font-size: 13pt; color:#333333\">A trav\u00e9s de una red mundial de coaliciones locales de moda, el Colectivo quiere descentralizar la creaci\u00f3n y el intercambio de conocimientos sobre la moda, generar solidaridad a trav\u00e9s de m\u00faltiples l\u00edneas de diferencia y apoyar la autorrepresentaci\u00f3n, la autoactivaci\u00f3n y la autodeterminaci\u00f3n basadas en el principio de <b>\u00abnada sobre nosotros sin nosotros\u00bb<\/b>. Concierne a todos, porque estamos conectados debido a nuestra inserci\u00f3n relacional en jerarqu\u00edas de poder y privilegio; jerarqu\u00edas a las que podemos resistir y transformar.<\/span><\/p>\n<\/div>\n<\/figure>\n<\/div>\n<\/div>\n<\/div>\n","protected":false},"excerpt":{"rendered":"<p>Fundado en 2012, el Research Collective on Decoloniality and Fashion (Colectivo de Investigaci\u00f3n sobre Decolonialidad y Moda) tiene la visi\u00f3n de trabajar por una pol\u00edtica de reparaci\u00f3n, una pol\u00edtica de restituci\u00f3n y reparaci\u00f3n est\u00e9tica y epist\u00e9mica, una pol\u00edtica de transici\u00f3n de una l\u00f3gica de representaci\u00f3n y propiedad, que son claves para que la moda contempor\u00e1nea pase a una l\u00f3gica de&nbsp;<a href=\"https:\/\/arfox.com.ar\/abya\/el-colectivo\/\" class=\"read-more\">Seguir leyendo<\/a><\/p>\n","protected":false},"author":2,"featured_media":0,"parent":0,"menu_order":0,"comment_status":"closed","ping_status":"closed","template":"page-fullwidth.php","meta":{"footnotes":""},"class_list":["post-26","page","type-page","status-publish","hentry"],"_links":{"self":[{"href":"https:\/\/arfox.com.ar\/abya\/wp-json\/wp\/v2\/pages\/26","targetHints":{"allow":["GET"]}}],"collection":[{"href":"https:\/\/arfox.com.ar\/abya\/wp-json\/wp\/v2\/pages"}],"about":[{"href":"https:\/\/arfox.com.ar\/abya\/wp-json\/wp\/v2\/types\/page"}],"author":[{"embeddable":true,"href":"https:\/\/arfox.com.ar\/abya\/wp-json\/wp\/v2\/users\/2"}],"replies":[{"embeddable":true,"href":"https:\/\/arfox.com.ar\/abya\/wp-json\/wp\/v2\/comments?post=26"}],"version-history":[{"count":7,"href":"https:\/\/arfox.com.ar\/abya\/wp-json\/wp\/v2\/pages\/26\/revisions"}],"predecessor-version":[{"id":108,"href":"https:\/\/arfox.com.ar\/abya\/wp-json\/wp\/v2\/pages\/26\/revisions\/108"}],"wp:attachment":[{"href":"https:\/\/arfox.com.ar\/abya\/wp-json\/wp\/v2\/media?parent=26"}],"curies":[{"name":"wp","href":"https:\/\/api.w.org\/{rel}","templated":true}]}}

<div class="row">
<div class="span12">
<div class="how-we-can-help-wrap">
<figure class="thumbnail alignnone clearfix">
<div class="row-fluid">
<div class="clear"></div>
<p style="margin: 11px"><span style="font-size: 13pt; color:#333333">Fundado en 2012, el <a href="https://rcdfashion.com/about/" target="_blank"><b><span style="color:#008000">Research Collective on Decoloniality and Fashion</span></b></a> (Colectivo de Investigación sobre Decolonialidad y Moda) tiene la visión de trabajar por una política de reparación, una política de restitución y reparación estética y epistémica, una política de transición de una lógica de representación y propiedad, que son claves para que la moda contemporánea pase a una lógica de recepción y pertenencia y una política de devolver un lugar en el presente, de acoger y situar lo que ha sido negado y borrado.</span></p>
<p style="margin: 11px"><span style="font-size: 13pt; color:#333333">El objetivo es redefinir la moda como una multitud de posibilidades, descentralizar la creación y el intercambio de conocimientos <b>a través de una red global de coaliciones de moda soberanas pero conectadas, y engendrar solidaridad a través de múltiples líneas de diferencia</b>. El objetivo se intenta lograr a partir de facilitar encuentros, conversaciones, presentaciones, asambleas y publicaciones que contribuyan a una política de reparación, una crítica de la modernidad/colonialidad, y apoyando la autorrepresentación, la autodeterminación y el autogobierno. El objetivo también es activar un movimiento transformador en favor de un paisaje mundial de la moda desde el punto de vista medioambiental y cultural, ética y socialmente justa, y llegar a públicos que no están necesariamente familiarizados con la opción decolonial en la moda.</span></p>
<p style="margin: 11px"><span style="font-size: 13pt; color:#333333">A través de una red mundial de coaliciones locales de moda, el Colectivo quiere descentralizar la creación y el intercambio de conocimientos sobre la moda, generar solidaridad a través de múltiples líneas de diferencia y apoyar la autorrepresentación, la autoactivación y la autodeterminación basadas en el principio de <b>«nada sobre nosotros sin nosotros»</b>. Concierne a todos, porque estamos conectados debido a nuestra inserción relacional en jerarquías de poder y privilegio; jerarquías a las que podemos resistir y transformar.</span></p>
</div>
</figure>
</div>
</div>
</div>

<p>Fundado en 2012, el Research Collective on Decoloniality and Fashion (Colectivo de Investigación sobre Decolonialidad y Moda) tiene la visión de trabajar por una política de reparación, una política de restitución y reparación estética y epistémica, una política de transición de una lógica de representación y propiedad, que son claves para que la moda contemporánea pase a una lógica de&nbsp;<a href="https://arfox.com.ar/abya/el-colectivo/" class="read-more">Seguir leyendo</a></p>
